{"id":1675,"date":"2023-11-18T14:03:24","date_gmt":"2023-11-18T13:03:24","guid":{"rendered":"https:\/\/www.lafraternelle.info\/Site\/?page_id=1675"},"modified":"2023-11-18T14:04:01","modified_gmt":"2023-11-18T13:04:01","slug":"mentions-legales","status":"publish","type":"page","link":"https:\/\/www.lafraternelle.info\/Site\/mentions-legales\/","title":{"rendered":"Mentions l\u00e9gales"},"content":{"rendered":"\t\t<div data-elementor-type=\"wp-page\" data-elementor-id=\"1675\" class=\"elementor elementor-1675\">\n\t\t\t\t<div class=\"elementor-element elementor-element-342f288 e-flex e-con-boxed e-con e-parent\" data-id=\"342f288\" data-element_type=\"container\" data-e-type=\"container\">\n\t\t\t\t\t<div class=\"e-con-inner\">\n\t\t\t\t<div class=\"elementor-element elementor-element-7e3d4a6 elementor-widget elementor-widget-text-editor\" data-id=\"7e3d4a6\" data-element_type=\"widget\" data-e-type=\"widget\" data-widget_type=\"text-editor.default\">\n\t\t\t\t<div class=\"elementor-widget-container\">\n\t\t\t\t\t\t\t\t\t<p>www.lafraternelle.info est un site \u00e9dit\u00e9 par l\u2019Association Agr\u00e9\u00e9e pour la P\u00eache et la Protection du Milieu Aquatique LA FRATERNELLE Pays de Trois Fronti\u00e8res,association agr\u00e9\u00e9e par le Minist\u00e8re de l\u2019agriculture depuis 1948 sous le N\u00b0189AD19. Affili\u00e9e \u00e0 la F\u00e9d\u00e9ration des AAPPMA de la Moselle enregistr\u00e9e au Tribunal d\u2019Instance de Thionville, Volume IV N\u00b0 118.Responsable de la publication: M. DECET Gabriel, Pr\u00e9sident de la Fraternelle, 38 rue De Gaulle<br \/>57330 HETTANGE-GRANDE T\u00e9l\u00e9phone <strong>06 68 94 89 02<\/strong> Mise en service: F\u00e9vrier 2010<\/p>\t\t\t\t\t\t\t\t<\/div>\n\t\t\t\t<\/div>\n\t\t\t\t\t<\/div>\n\t\t\t\t<\/div>\n\t\t\t\t<\/div>\n\t\t","protected":false},"excerpt":{"rendered":"<p>www.lafraternelle.info est un site \u00e9dit\u00e9 par l\u2019Association Agr\u00e9\u00e9e pour la P\u00eache et la Protection du Milieu Aquatique LA FRATERNELLE Pays de Trois Fronti\u00e8res,association agr\u00e9\u00e9e par le Minist\u00e8re de l\u2019agriculture depuis 1948 sous le N\u00b0189AD19. Affili\u00e9e \u00e0 la F\u00e9d\u00e9ration des AAPPMA de la Moselle enregistr\u00e9e au Tribunal d\u2019Instance de Thionville, Volume IV N\u00b0 118.Responsable de la [&hellip;]<\/p>\n","protected":false},"author":1,"featured_media":0,"parent":0,"menu_order":0,"comment_status":"closed","ping_status":"closed","template":"","meta":{"_monsterinsights_skip_tracking":false,"_monsterinsights_sitenote_active":false,"_monsterinsights_sitenote_note":"","_monsterinsights_sitenote_category":0,"site-sidebar-layout":"no-sidebar","site-content-layout":"page-builder","ast-site-content-layout":"full-width-container","site-content-style":"default","site-sidebar-style":"default","ast-global-header-display":"","ast-banner-title-visibility":"","ast-main-header-display":"","ast-hfb-above-header-display":"","ast-hfb-below-header-display":"","ast-hfb-mobile-header-display":"","site-post-title":"disabled","ast-breadcrumbs-content":"","ast-featured-img":"disabled","footer-sml-layout":"","ast-disable-related-posts":"","theme-transparent-header-meta":"","adv-header-id-meta":"","stick-header-meta":"","header-above-stick-meta":"","header-main-stick-meta":"","header-below-stick-meta":"","astra-migrate-meta-layouts":"set","ast-page-background-enabled":"default","ast-page-background-meta":{"desktop":{"background-color":"var(--ast-global-color-4)","background-image":"","background-repeat":"repeat","background-position":"center center","background-size":"auto","background-attachment":"scroll","background-type":"","background-media":"","overlay-type":"","overlay-color":"","overlay-opacity":"","overlay-gradient":""},"tablet":{"background-color":"","background-image":"","background-repeat":"repeat","background-position":"center center","background-size":"auto","background-attachment":"scroll","background-type":"","background-media":"","overlay-type":"","overlay-color":"","overlay-opacity":"","overlay-gradient":""},"mobile":{"background-color":"","background-image":"","background-repeat":"repeat","background-position":"center center","background-size":"auto","background-attachment":"scroll","background-type":"","background-media":"","overlay-type":"","overlay-color":"","overlay-opacity":"","overlay-gradient":""}},"ast-content-background-meta":{"desktop":{"background-color":"var(--ast-global-color-5)","background-image":"","background-repeat":"repeat","background-position":"center center","background-size":"auto","background-attachment":"scroll","background-type":"","background-media":"","overlay-type":"","overlay-color":"","overlay-opacity":"","overlay-gradient":""},"tablet":{"background-color":"var(--ast-global-color-5)","background-image":"","background-repeat":"repeat","background-position":"center center","background-size":"auto","background-attachment":"scroll","background-type":"","background-media":"","overlay-type":"","overlay-color":"","overlay-opacity":"","overlay-gradient":""},"mobile":{"background-color":"var(--ast-global-color-5)","background-image":"","background-repeat":"repeat","background-position":"center center","background-size":"auto","background-attachment":"scroll","background-type":"","background-media":"","overlay-type":"","overlay-color":"","overlay-opacity":"","overlay-gradient":""}},"jetpack_post_was_ever_published":false,"footnotes":""},"class_list":["post-1675","page","type-page","status-publish","hentry"],"jetpack_sharing_enabled":true,"jetpack_shortlink":"https:\/\/wp.me\/P8cSoL-r1","jetpack-related-posts":[],"_links":{"self":[{"href":"https:\/\/www.lafraternelle.info\/Site\/wp-json\/wp\/v2\/pages\/1675","targetHints":{"allow":["GET"]}}],"collection":[{"href":"https:\/\/www.lafraternelle.info\/Site\/wp-json\/wp\/v2\/pages"}],"about":[{"href":"https:\/\/www.lafraternelle.info\/Site\/wp-json\/wp\/v2\/types\/page"}],"author":[{"embeddable":true,"href":"https:\/\/www.lafraternelle.info\/Site\/wp-json\/wp\/v2\/users\/1"}],"replies":[{"embeddable":true,"href":"https:\/\/www.lafraternelle.info\/Site\/wp-json\/wp\/v2\/comments?post=1675"}],"version-history":[{"count":4,"href":"https:\/\/www.lafraternelle.info\/Site\/wp-json\/wp\/v2\/pages\/1675\/revisions"}],"predecessor-version":[{"id":1679,"href":"https:\/\/www.lafraternelle.info\/Site\/wp-json\/wp\/v2\/pages\/1675\/revisions\/1679"}],"wp:attachment":[{"href":"https:\/\/www.lafraternelle.info\/Site\/wp-json\/wp\/v2\/media?parent=1675"}],"curies":[{"name":"wp","href":"https:\/\/api.w.org\/{rel}","templated":true}]}}

Mentions légales

<div data-elementor-type="wp-page" data-elementor-id="1675" class="elementor elementor-1675">
				<div class="elementor-element elementor-element-342f288 e-flex e-con-boxed e-con e-parent" data-id="342f288" data-element_type="container" data-e-type="container">
					<div class="e-con-inner">
				<div class="elementor-element elementor-element-7e3d4a6 elementor-widget elementor-widget-text-editor" data-id="7e3d4a6" data-element_type="widget" data-e-type="widget" data-widget_type="text-editor.default">
				<div class="elementor-widget-container">
									<p>www.lafraternelle.info est un site édité par l’Association Agréée pour la Pêche et la Protection du Milieu Aquatique LA FRATERNELLE Pays de Trois Frontières,association agréée par le Ministère de l’agriculture depuis 1948 sous le N°189AD19. Affiliée à la Fédération des AAPPMA de la Moselle enregistrée au Tribunal d’Instance de Thionville, Volume IV N° 118.Responsable de la publication: M. DECET Gabriel, Président de la Fraternelle, 38 rue De Gaulle<br />57330 HETTANGE-GRANDE Téléphone <strong>06 68 94 89 02</strong> Mise en service: Février 2010</p>								</div>
				</div>
					</div>
				</div>
				</div>

<p>www.lafraternelle.info est un site édité par l’Association Agréée pour la Pêche et la Protection du Milieu Aquatique LA FRATERNELLE Pays de Trois Frontières,association agréée par le Ministère de l’agriculture depuis 1948 sous le N°189AD19. Affiliée à la Fédération des AAPPMA de la Moselle enregistrée au Tribunal d’Instance de Thionville, Volume IV N° 118.Responsable de la [&hellip;]</p>
