{"id":11,"date":"2016-12-12T17:18:30","date_gmt":"2016-12-12T16:18:30","guid":{"rendered":"http:\/\/www.lafraternelle.info\/Site\/?page_id=11"},"modified":"2024-05-29T20:16:21","modified_gmt":"2024-05-29T18:16:21","slug":"retenue-du-mirgenbach","status":"publish","type":"page","link":"http:\/\/www.lafraternelle.info\/Site\/retenue-du-mirgenbach\/","title":{"rendered":"Retenue du Mirgenbach"},"content":{"rendered":"\t\t<div data-elementor-type=\"wp-page\" data-elementor-id=\"11\" class=\"elementor elementor-11\">\n\t\t\t\t<div class=\"elementor-element elementor-element-48c8c9d e-flex e-con-boxed e-con e-parent\" data-id=\"48c8c9d\" data-element_type=\"container\" data-e-type=\"container\">\n\t\t\t\t\t<div class=\"e-con-inner\">\n\t\t\t\t<div class=\"elementor-element elementor-element-537948d elementor-widget elementor-widget-text-editor\" data-id=\"537948d\" data-element_type=\"widget\" data-e-type=\"widget\" data-widget_type=\"text-editor.default\">\n\t\t\t\t<div class=\"elementor-widget-container\">\n\t\t\t\t\t\t\t\t\t<p><strong><span style=\"color: #ff0000;\">Le timbre MIRGENBACH ne peut \u00eatre d\u00e9livr\u00e9 que sur une carte d\u2019une A.A.P.P.M.A. de la Moselle.<\/span><\/strong><\/p><p>La carte de l\u2019URNE d\u2019un autre d\u00e9partement ne donne pas le droit de p\u00eache au Lac du Mirgenbach, m\u00eame si cette carte est compl\u00e9t\u00e9e par la vignette sp\u00e9cifique \u00e0 20\u20ac. Les contrevenants se verront verbalis\u00e9s pour le motif de p\u00eache sans autorisation, ou, accepter un arrangement amiable en pr\u00e9sentant une carte d\u2019une A.A.P.P.M.A. du d\u00e9partement de la Moselle.<\/p>\t\t\t\t\t\t\t\t<\/div>\n\t\t\t\t<\/div>\n\t\t\t\t\t<\/div>\n\t\t\t\t<\/div>\n\t\t<div class=\"elementor-element elementor-element-5b433ef e-flex e-con-boxed e-con e-parent\" data-id=\"5b433ef\" data-element_type=\"container\" data-e-type=\"container\">\n\t\t\t\t\t<div class=\"e-con-inner\">\n\t\t\t\t<div class=\"elementor-element elementor-element-8da72be elementor-widget elementor-widget-image\" data-id=\"8da72be\" data-element_type=\"widget\" data-e-type=\"widget\" data-widget_type=\"image.default\">\n\t\t\t\t<div class=\"elementor-widget-container\">\n\t\t\t\t\t\t\t\t\t\t\t\t\t\t\t\t<a href=\"https:\/\/i0.wp.com\/www.lafraternelle.info\/Site\/wp-content\/uploads\/2016\/12\/Mirgenbach.png\" data-elementor-open-lightbox=\"yes\" data-elementor-lightbox-title=\"Mirgenbach\" data-e-action-hash=\"#elementor-action%3Aaction%3Dlightbox%26settings%3DeyJpZCI6NTM5LCJ1cmwiOiJodHRwczpcL1wvd3d3LmxhZnJhdGVybmVsbGUuaW5mb1wvU2l0ZVwvd3AtY29udGVudFwvdXBsb2Fkc1wvMjAxNlwvMTJcL01pcmdlbmJhY2gtZTE3MDA2NTYxNDMyODYucG5nIn0%3D\">\n\t\t\t\t\t\t\t<img fetchpriority=\"high\" decoding=\"async\" data-attachment-id=\"539\" data-permalink=\"http:\/\/www.lafraternelle.info\/Site\/retenue-du-mirgenbach\/mirgenbach\/\" data-orig-file=\"https:\/\/i0.wp.com\/www.lafraternelle.info\/Site\/wp-content\/uploads\/2016\/12\/Mirgenbach-e1700656143286.png?fit=1025%2C637\" data-orig-size=\"1025,637\" data-comments-opened=\"0\" data-image-meta=\"{&quot;aperture&quot;:&quot;0&quot;,&quot;credit&quot;:&quot;&quot;,&quot;camera&quot;:&quot;&quot;,&quot;caption&quot;:&quot;&quot;,&quot;created_timestamp&quot;:&quot;0&quot;,&quot;copyright&quot;:&quot;&quot;,&quot;focal_length&quot;:&quot;0&quot;,&quot;iso&quot;:&quot;0&quot;,&quot;shutter_speed&quot;:&quot;0&quot;,&quot;title&quot;:&quot;&quot;,&quot;orientation&quot;:&quot;0&quot;}\" data-image-title=\"Mirgenbach\" data-image-description=\"\" data-image-caption=\"\" data-large-file=\"https:\/\/i0.wp.com\/www.lafraternelle.info\/Site\/wp-content\/uploads\/2016\/12\/Mirgenbach-e1700656143286.png?fit=1024%2C306\" width=\"1024\" height=\"306\" src=\"https:\/\/i0.wp.com\/www.lafraternelle.info\/Site\/wp-content\/uploads\/2016\/12\/Mirgenbach-e1700656143286.png?fit=1024%2C306&amp;ssl=1\" class=\"attachment-large size-large wp-image-539\" alt=\"Mirgenbach\" data-attachment-id=\"539\" data-permalink=\"https:\/\/www.lafraternelle.info\/Site\/retenue-du-mirgenbach\/mirgenbach\/\" data-orig-file=\"https:\/\/i0.wp.com\/www.lafraternelle.info\/Site\/wp-content\/uploads\/2016\/12\/Mirgenbach-e1700656143286.png?fit=1025%2C637&amp;ssl=1\" data-orig-size=\"1025,637\" data-comments-opened=\"0\" data-image-meta=\"{&quot;aperture&quot;:&quot;0&quot;,&quot;credit&quot;:&quot;&quot;,&quot;camera&quot;:&quot;&quot;,&quot;caption&quot;:&quot;&quot;,&quot;created_timestamp&quot;:&quot;0&quot;,&quot;copyright&quot;:&quot;&quot;,&quot;focal_length&quot;:&quot;0&quot;,&quot;iso&quot;:&quot;0&quot;,&quot;shutter_speed&quot;:&quot;0&quot;,&quot;title&quot;:&quot;&quot;,&quot;orientation&quot;:&quot;0&quot;}\" data-image-title=\"Mirgenbach\" data-image-description=\"\" data-image-caption=\"\" data-large-file=\"https:\/\/i0.wp.com\/www.lafraternelle.info\/Site\/wp-content\/uploads\/2016\/12\/Mirgenbach-e1700656143286.png?fit=1024%2C306&amp;ssl=1\" \/>\t\t\t\t\t\t\t\t<\/a>\n\t\t\t\t\t\t\t\t\t\t\t\t\t\t\t<\/div>\n\t\t\t\t<\/div>\n\t\t\t\t\t<\/div>\n\t\t\t\t<\/div>\n\t\t<div class=\"elementor-element elementor-element-ee4e86b e-flex e-con-boxed e-con e-parent\" data-id=\"ee4e86b\" data-element_type=\"container\" data-e-type=\"container\">\n\t\t\t\t\t<div class=\"e-con-inner\">\n\t\t\t\t<div class=\"elementor-element elementor-element-6da0625 elementor-widget elementor-widget-text-editor\" data-id=\"6da0625\" data-element_type=\"widget\" data-e-type=\"widget\" data-widget_type=\"text-editor.default\">\n\t\t\t\t<div class=\"elementor-widget-container\">\n\t\t\t\t\t\t\t\t\t<iframe src=\"https:\/\/www.google.com\/maps\/d\/embed?mid=10KNf81CAdBzHO3CHceSLV40mLZA&#038;ehbc=2E312F\" width=\"640\" height=\"480\"><\/iframe>\t\t\t\t\t\t\t\t<\/div>\n\t\t\t\t<\/div>\n\t\t\t\t\t<\/div>\n\t\t\t\t<\/div>\n\t\t<div class=\"elementor-element elementor-element-2dd38b6 e-flex e-con-boxed e-con e-parent\" data-id=\"2dd38b6\" data-element_type=\"container\" data-e-type=\"container\">\n\t\t\t\t\t<div class=\"e-con-inner\">\n\t\t\t\t<div class=\"elementor-element elementor-element-d26d716 elementor-widget elementor-widget-text-editor\" data-id=\"d26d716\" data-element_type=\"widget\" data-e-type=\"widget\" data-widget_type=\"text-editor.default\">\n\t\t\t\t<div class=\"elementor-widget-container\">\n\t\t\t\t\t\t\t\t\t<p>\u2022<strong> Article 1<\/strong><br \/>Le Lac du Mirgenbach est une eau de deuxi\u00e8me cat\u00e9gorie, du domaine priv\u00e9. Le droit de p\u00eache est exploit\u00e9 par l\u2019A.A.P.P.M.A La Fraternelle Pays des trois fronti\u00e8res. La consommation du poisson issue de la retenue est interdite.<br \/>\u2022 <strong>Article 2<\/strong><br \/>Les zones de p\u00eache sont d\u00e9limit\u00e9es par des pancartes : toutes p\u00eaches en dehors de ces zones sont strictement interdites. En cas de baisse importante du niveau des eaux, de travaux li\u00e9s \u00e0 l\u2019exploitation ou en fonction des manifestations ponctuelles ou d\u2019alevinage, des interdictions peuvent \u00eatre prises. Seule la p\u00eache du bord est autoris\u00e9e. Interdiction formelle de p\u00e9n\u00e9trer dans l&rsquo;eau. La p\u00eache aux grenouilles et \u00e9crevisses est interdite.<br \/>\u2022<strong> Article 3<\/strong><br \/>Carte de p\u00eache. L\u2019exercice de la p\u00eache sur le Lac du Mirgenbach est subordonn\u00e9 \u00e0 la possession d\u2019une carte d\u2019une AAPPMA du d\u00e9partement de la Moselle, muni du timbre CPMA et de la vignette ou option \u00ab Mirgenbach \u00bb,<br \/>\u2022 <strong>Article 4<\/strong><br \/>La p\u00eache est autoris\u00e9e \u00e0 4 lignes, dont 3 maximum aux carnassiers. Les lignes seront obligatoirement tendues perpendiculairement \u00e0 l\u2019emplacement du poste de p\u00eache. Seule la p\u00eache du bord \u00e9tant permise, toutes les embarcations sont interdites sur le plan d\u2019eau, y compris les mod\u00e8les r\u00e9duits pouvant servir \u00e0 v\u00e9hiculer les amorces et esches sur le coup.<br \/>\u2022 <strong>Articles 5<\/strong><br \/>Capture et modes de p\u00eache autoris\u00e9s.<br \/>Les p\u00e9riodes d\u2019ouverture et de fermeture sont pr\u00e9cis\u00e9es sur l\u2019avis annuel de la p\u00eache du d\u00e9partement de la Moselle. C\u00f4t\u00e9 centrale : toutes formes de p\u00eache C\u00f4t\u00e9 Nautica : toutes formes de p\u00eache sauf p\u00eache au leurres Le p\u00eacheur aux leurres ne peut pratiquer simultan\u00e9ment une autre forme de p\u00eache. Limitation des prises de carnassier \u00e0 3 par jour et par p\u00eacheur( dont 2 brochets ou sandres maximum )No Kill sur toutes les esp\u00e8ces de carpes.<br \/>\u2022 <strong>Article 6<\/strong><br \/>Taille r\u00e8glementaire de capture.<br \/>La taille minimum de prise est de 60 cm pour le brochet, de 50 cm pour le sandre.<br \/>\u2022<strong> Article7<\/strong><br \/>Action et poste de p\u00eache.<br \/>Seule la p\u00eache de jour est autoris\u00e9e selon la r\u00e9glementation en vigueur (30mn avant le lever et 30mn apr\u00e8s le coucher du soleil). Le calendrier des heures l\u00e9gales du lever et du coucher du soleil \u00e9tant la r\u00e9f\u00e9rence. Le p\u00eacheur limitera sa zone de p\u00eache \u00e0 5 m\u00e8tres au maximum. Les postes devront imp\u00e9rativement \u00eatres nets de toutes ordures au d\u00e9part des p\u00eacheurs (les excr\u00e9ments devront obligatoirement \u00eatre enterr\u00e9s).<br \/>\u2022 <strong>Article 8<\/strong><br \/>Acc\u00e8s parking<br \/>Le stationnement des v\u00e9hicules n\u2019est possible que sur les parkings. Circulation et stationnement sont interdits sur le chemin d\u2019acc\u00e8s au barrage.<br \/>\u2022 <strong>Article 9<\/strong><br \/>Surveillance de la p\u00eache, sanctions<br \/>Les p\u00eacheurs devront obligatoirement satisfaire \u00e0 toute injonction des gardes de p\u00eache et des personnes d\u00fbment habilit\u00e9es. Le non respect de l\u2019environnement (feu, d\u00e9tritus, pollution, camping, modification des berges et nuisances diverses) entra\u00eenera des poursuites p\u00e9nales. Les infractions au pr\u00e9sent r\u00e8glement, au code rural de l\u2019environnement, aux arr\u00eat\u00e9s pr\u00e9fectoraux ou nationaux, donneront lieu \u00e0 l\u2019\u00e9tablissement de proc\u00e8s verbaux qui seront transmis aux autorit\u00e9s comp\u00e9tentes.<br \/><span style=\"color: #ff0000;\">INDEPENDAMMENT DES SUITES DONNEES A CES PROCES VERBAUX, UNE MESURE D\u2019EXCLUSION TEMPORAIRE OU DEFINITIVE POURRA ETRE PRONONCEE A L\u2019EGARD DES CONTREVENANTS.<\/span><br \/>\u2022 <strong>Article 10<\/strong><br \/>Obligation des p\u00eacheurs<br \/>Les p\u00eacheurs sont tenus de n\u2019apporter aucune g\u00eane ni provoquer aucun danger aux autres utilisateurs du plan d\u2019eau.<br \/>\u2022 <strong>Article 11<\/strong><br \/>Accident dommage, responsabilit\u00e9.<br \/>L\u2019AAPPMA La Fraternelle n\u2019est pas responsable des faits d\u00e9lictueux commis par ses membres ou les accidents dont ils pourraient \u00eatre les auteurs ou les victimes, ainsi que des cons\u00e9quences p\u00e9cuniaires. IL EST SPECIFIEE QUE L\u2019AAPPMA LA FRATERNELLE N\u2019A AUCUNE OBLIGATION DE SECURITE.<br \/>Le fait m\u00eame d\u2019acqu\u00e9rir une autorisation de p\u00eache implique, aux p\u00eacheurs, la connaissance et l\u2019obligation de respecter int\u00e9gralement les clauses du pr\u00e9sent r\u00e8glement.<\/p><p><span style=\"color: #ff0000;\"><strong>INTERDICTIONS<\/strong><\/span><br \/>\u2022 P\u00eache de nuit<br \/>\u2022 Le biwi , toile de tente , camping-cars et camping<br \/>\u2022 La pose de rep\u00e8res ou bou\u00e9es dans l\u2019eau est interdite, il est \u00e9galement interdit de modifier les berges de l\u2019eau de faire du feu, de couper des arbres ou arbustes, ou toute autre v\u00e9g\u00e9tation autour du lac.<br \/>\u2022 Escher ou d\u2019amorcer avec des graines crues<br \/>\u2022 Utilisation de barques ou de tous engins pouvant servir \u00e0 v\u00e9hiculer amorces ou esches sur le coup\u2022 De consommer le poisson p\u00each\u00e9<\/p><p>\u2022 De p\u00e9n\u00e9trer dans l&rsquo;eau pour p\u00eacher.<\/p><p><span style=\"color: #ff0000;\"><b>\u2022 Lorsque les barri\u00e8res d&rsquo;acc\u00e8s au plan d&rsquo;eau sont ferm\u00e9es, la p\u00eache est interdite.<\/b><\/span><\/p><p>Le Pr\u00e9sident<\/p>\t\t\t\t\t\t\t\t<\/div>\n\t\t\t\t<\/div>\n\t\t\t\t\t<\/div>\n\t\t\t\t<\/div>\n\t\t\t\t<\/div>\n\t\t","protected":false},"excerpt":{"rendered":"<p>Le timbre MIRGENBACH ne peut \u00eatre d\u00e9livr\u00e9 que sur une carte d\u2019une A.A.P.P.M.A. de la Moselle. La carte de l\u2019URNE d\u2019un autre d\u00e9partement ne donne pas le droit de p\u00eache au Lac du Mirgenbach, m\u00eame si cette carte est compl\u00e9t\u00e9e par la vignette sp\u00e9cifique \u00e0 20\u20ac. Les contrevenants se verront verbalis\u00e9s pour le motif de [&hellip;]<\/p>\n","protected":false},"author":1,"featured_media":0,"parent":0,"menu_order":0,"comment_status":"closed","ping_status":"closed","template":"","meta":{"_monsterinsights_skip_tracking":false,"_monsterinsights_sitenote_active":false,"_monsterinsights_sitenote_note":"","_monsterinsights_sitenote_category":0,"site-sidebar-layout":"default","site-content-layout":"","ast-site-content-layout":"default","site-content-style":"default","site-sidebar-style":"default","ast-global-header-display":"","ast-banner-title-visibility":"","ast-main-header-display":"","ast-hfb-above-header-display":"","ast-hfb-below-header-display":"","ast-hfb-mobile-header-display":"","site-post-title":"","ast-breadcrumbs-content":"","ast-featured-img":"","footer-sml-layout":"","ast-disable-related-posts":"","theme-transparent-header-meta":"","adv-header-id-meta":"","stick-header-meta":"","header-above-stick-meta":"","header-main-stick-meta":"","header-below-stick-meta":"","astra-migrate-meta-layouts":"default","ast-page-background-enabled":"default","ast-page-background-meta":{"desktop":{"background-color":"var(--ast-global-color-4)","background-image":"","background-repeat":"repeat","background-position":"center center","background-size":"auto","background-attachment":"scroll","background-type":"","background-media":"","overlay-type":"","overlay-color":"","overlay-opacity":"","overlay-gradient":""},"tablet":{"background-color":"","background-image":"","background-repeat":"repeat","background-position":"center center","background-size":"auto","background-attachment":"scroll","background-type":"","background-media":"","overlay-type":"","overlay-color":"","overlay-opacity":"","overlay-gradient":""},"mobile":{"background-color":"","background-image":"","background-repeat":"repeat","background-position":"center center","background-size":"auto","background-attachment":"scroll","background-type":"","background-media":"","overlay-type":"","overlay-color":"","overlay-opacity":"","overlay-gradient":""}},"ast-content-background-meta":{"desktop":{"background-color":"var(--ast-global-color-5)","background-image":"","background-repeat":"repeat","background-position":"center center","background-size":"auto","background-attachment":"scroll","background-type":"","background-media":"","overlay-type":"","overlay-color":"","overlay-opacity":"","overlay-gradient":""},"tablet":{"background-color":"var(--ast-global-color-5)","background-image":"","background-repeat":"repeat","background-position":"center center","background-size":"auto","background-attachment":"scroll","background-type":"","background-media":"","overlay-type":"","overlay-color":"","overlay-opacity":"","overlay-gradient":""},"mobile":{"background-color":"var(--ast-global-color-5)","background-image":"","background-repeat":"repeat","background-position":"center center","background-size":"auto","background-attachment":"scroll","background-type":"","background-media":"","overlay-type":"","overlay-color":"","overlay-opacity":"","overlay-gradient":""}},"jetpack_post_was_ever_published":false,"footnotes":""},"class_list":["post-11","page","type-page","status-publish","hentry"],"jetpack_sharing_enabled":true,"jetpack_shortlink":"https:\/\/wp.me\/P8cSoL-b","jetpack-related-posts":[],"_links":{"self":[{"href":"http:\/\/www.lafraternelle.info\/Site\/wp-json\/wp\/v2\/pages\/11","targetHints":{"allow":["GET"]}}],"collection":[{"href":"http:\/\/www.lafraternelle.info\/Site\/wp-json\/wp\/v2\/pages"}],"about":[{"href":"http:\/\/www.lafraternelle.info\/Site\/wp-json\/wp\/v2\/types\/page"}],"author":[{"embeddable":true,"href":"http:\/\/www.lafraternelle.info\/Site\/wp-json\/wp\/v2\/users\/1"}],"replies":[{"embeddable":true,"href":"http:\/\/www.lafraternelle.info\/Site\/wp-json\/wp\/v2\/comments?post=11"}],"version-history":[{"count":18,"href":"http:\/\/www.lafraternelle.info\/Site\/wp-json\/wp\/v2\/pages\/11\/revisions"}],"predecessor-version":[{"id":2014,"href":"http:\/\/www.lafraternelle.info\/Site\/wp-json\/wp\/v2\/pages\/11\/revisions\/2014"}],"wp:attachment":[{"href":"http:\/\/www.lafraternelle.info\/Site\/wp-json\/wp\/v2\/media?parent=11"}],"curies":[{"name":"wp","href":"https:\/\/api.w.org\/{rel}","templated":true}]}}